s divided by 6387?
40
Calculate the remainder when 371627 is divided by 28.
11
What is the remainder when 4195539 is divided by 805?
684
What is the remainder when 418670 is divided by 1411?
1014
Calculate the remainder when 79741 is divided by 15925.
116
What is the remainder when 57913523 is divided by 201?
197
What is the remainder when 42608863 is divided by 195?
193
What is the remainder when 98724846 is divided by 15?
6
Calculate the remainder when 637061 is divided by 81.
77
Calculate the remainder when 42115644 is divided by 21057805.
34
What is the remainder when 2114990 is divided by 1828?
1822
What is the remainder when 14800284 is divided by 105?
9
Calculate the remainder when 682259 is divided by 1124.
1115
What is the remainder when 998282 is divided by 124782?
26
What is the remainder when 6066809 is divided by 122?
115
What is the remainder when 8149890 is divided by 3294?
534
Calculate the remainder when 62816900 is divided by 31408445.
10
Calculate the remainder when 56918 is divided by 27597.
1724
Calculate the remainder when 3063207 is divided by 678.
3
What is the remainder when 5704312 is divided by 1222?
16
Calculate the remainder when 90000 is divided by 44807.
386
What is the remainder when 108591877 is divided by 1460?
1457
Calculate the remainder when 380240 is divided by 3840.
80
What is the remainder when 5648705 is divided by 14?
13
Calculate the remainder when 217550 is divided by 217304.
246
Calculate the remainder when 12127148 is divided by 638.
44
Calculate the remainder when 3656013 is divided by 24.
21
What is the remainder when 134342177 is divided by 44780707?
56
What is the remainder when 1107686 is divided by 553769?
148
Calculate the remainder when 126610 is divided by 61611.
3388
What is the remainder when 4343548 is divided by 2171350?
848
What is the remainder when 175478 is divided by 2019?
1844
What is the remainder when 5251387 is divided by 1312652?
779
Calculate the remainder when 22382214 is divided by 418.
404
What is the remainder when 154131 is divided by 110?
21
Calculate the remainder when 5602351 is divided by 38372.
39
What is the remainder when 37927 is divided by 9398?
335
Calculate the remainder when 1260547 is divided by 486.
349
Calculate the remainder when 3665374 is divided by 126.
34
What is the remainder when 2472 is divided by 836?
800
What is the remainder when 1641088 is divided by 3426?
34
What is the remainder when 2517761 is divided by 503487?
326
Calculate the remainder when 68469034 is divided by 80.
74
Calculate the remainder when 16440477 is divided by 48.
45
What is the remainder when 1370674 is divided by 185?
9
What is the remainder when 66807 is divided by 2868?
843
Calculate the remainder when 7050154 is divided by 4204.
46
What is the remainder when 761382 is divided by 6190?
12
Calculate the remainder when 352788 is divided by 405.
33
Calculate the remainder when 79038 is divided by 3294.
3276
Calculate the remainder when 25593 is divided by 11722.
2149
Calculate the remainder when 403617 is divided by 134288.
753
What is the remainder when 246407 is divided by 365?
32
Calculate the remainder when 7785594 is divided by 3445.
3339
What is the remainder when 945412881 is divided by 4212?
4209
Calculate the remainder when 33374 is divided by 5521.
248
What is the remainder when 7036687 is divided by 5066?
13
Calculate the remainder when 93875362 is divided by 774.
772
What is the remainder when 21328 is divided by 21?
13
What is the remainder when 17840170 is divided by 849525?
145
What is the remainder when 999575 is divided by 9341?
88
Calculate the remainder when 34207170 is divided by 82626.
6
Calculate the remainder when 1381657 is divided by 1786.
1079
Calculate the remainder when 1021571 is divided by 15023.
7
What is the remainder when 10475303 is divided by 5237645?
13
Calculate the remainder when 18141 is divided by 1071.
1005
What is the remainder when 1070969 is divided by 273?
263
Calculate the remainder when 63707 is divided by 10278.
2039
Calculate the remainder when 24425564 is divided by 71.
2
What is the remainder when 5961238 is divided by 11?
8
What is the remainder when 68846 is divided by 67274?
1572
What is the remainder when 203898 is divided by 516?
78
Calculate the remainder when 41162180 is divided by 1041.
1040
Calculate the remainder when 210199 is divided by 34994.
235
What is the remainder when 97302 is divided by 19239?
1107
What is the remainder when 414369 is divided by 1391?
1242
What is the remainder when 3344687 is divided by 231?
38
Calculate the remainder when 1043309307 is divided by 7.
5
Calculate the remainder when 17567143 is divided by 587.
581
Calculate the remainder when 558590 is divided by 5.
0
Calculate the remainder when 17145327 is divided by 427.
423
What is the remainder when 5337216 is divided by 363?
27
Calculate the remainder when 1986640 is divided by 19.
0
Calculate the remainder when 57373278 is divided by 28686631.
16
What is the remainder when 105275 is divided by 185?
10
Calculate the remainder when 2209310 is divided by 21243.
38
Calculate the remainder when 5450569 is divided by 196.
5
What is the remainder when 102690 is divided by 33673?
1671
What is the remainder when 271980 is divided by 14299?
299
What is the remainder when 382983 is divided by 17405?
73
What is the remainder when 2524506 is divided by 6327?
33
Calculate the remainder when 5535776 is divided by 33348.
8
Calculate the remainder when 3078287 is divided by 7226.
11
What is the remainder when 213165 is divided by 48?
45
Calculate the remainder when 451684 is divided by 3202.
202
Calculate the remainder when 20095407 is divided by 5023846.
23
What is the remainder when 145230 is divided by 48296?
342
Calculate the remainder when 1279810 is divided by 159973.
26
What is the remainder when 1500861 is divided by 4264?
4197
What is the remainder when 47644232 is divided by 108?
32
What is the remainder when 299569193 is divided by 267?
266
Calculate the remainder when 985558 is divided by 197092.
98
What is the remainder when 86999 is divided by 6214?
3
What is the remainder when 362582558 is divided by 536?
534
Calculate the remainder when 1875965 is divided by 4283.
11
Calculate the remainder when 361069 is divided by 370.
319
What is the remainder when 733261 is divided by 10?
1
Calculate the remainder when 519062 is divided by 128759.
4026
Calculate the remainder when 4885 is divided by 2164.
557
Calculate the remainder when 496523 is divided by 30.
23
What is the remainder when 1453768 is divided by 290668?
428
What is the remainder when 126051 is divided by 24969?
1206
What is the remainder when 14546574 is divided by 830?
824
Calculate the remainder when 896936 is divided by 68985.
131
Calculate the remainder when 4288039 is divided by 163.
161
What is the remainder when 871431 is divided by 5038?
4895
What is the remainder when 873935 is divided by 436703?
529
What is the remainder when 614026 is divided by 306994?
38
Calculate the remainder when 594088 is divided by 410.
408
What is the remainder when 16664082 is divided by 423?
420
Calculate the remainder when 1216442 is divided by 17888.
58
What is the remainder when 31918452 is divided by 158798?
54
Calculate the remainder when 56987077 is divided by 167.
164
What is the remainder when 17785547 is divided by 45?
17
Calculate the remainder when 22727 is divided by 55.
12
Calculate the remainder when 2143456 is divided by 714434.
154
Calculate the remainder when 213489 is divided by 212032.
1457
Calculate the remainder when 14753906 is divided by 302.
300
What is the remainder when 32653873 is divided by 31?
23
What is the remainder when 1094199 is divided by 15411?
18
What is the remainder when 27799166 is divided by 604?
66
What is the remainder when 2665602 is divided by 51?
36
Calculate the remainder when 104099 is divided by 2813.
18
Calculate the remainder when 1211537 is divided by 44.
41
What is the remainder when 37072454 is divided by 99?
23
Calculate the remainder when 1294862 is divided by 18808.
15918
What is the remainder when 419632 is divided by 305?
257
What is the remainder when 96059 is divided by 206?
63
Calculate the remainder when 12420166 is divided b